est common divisor of 13721464 and 1048?
1048
What is the greatest common divisor of 40469 and 4970329?
3679
Calculate the greatest common divisor of 750460 and 268875.
1195
Calculate the greatest common factor of 1739964 and 1098.
366
What is the highest common divisor of 775775 and 7762755?
5005
Calculate the highest common factor of 3816 and 2269584.
72
Calculate the greatest common divisor of 9906546 and 33150.
1326
Calculate the highest common divisor of 1858436 and 6438.
2146
What is the highest common factor of 11484372 and 75?
3
What is the greatest common factor of 698854 and 78?
26
What is the greatest common divisor of 1069696 and 1769?
61
What is the greatest common factor of 516875 and 1775?
25
Calculate the greatest common factor of 2418150 and 21620.
470
Calculate the greatest common factor of 79252457 and 23.
23
Calculate the highest common factor of 345 and 27424855.
115
What is the highest common factor of 117 and 3407139?
9
Calculate the greatest common divisor of 219290 and 12060.
10
Calculate the highest common divisor of 2111710 and 12690.
470
What is the highest common factor of 2383255714 and 1291?
1291
What is the highest common factor of 2159 and 416560?
127
Calculate the greatest common factor of 4420550 and 650.
50
What is the highest common factor of 2183670 and 295830?
1710
Calculate the highest common factor of 2050 and 3062750.
50
Calculate the greatest common factor of 5 and 24961780.
5
What is the greatest common divisor of 1968980 and 6305?
65
Calculate the greatest common divisor of 725787 and 576.
9
Calculate the greatest common factor of 325436 and 36.
4
Calculate the highest common factor of 3178 and 2834902.
14
What is the greatest common divisor of 403202 and 12123?
449
What is the highest common divisor of 1314935 and 8180?
2045
Calculate the highest common divisor of 1727398502 and 74.
74
Calculate the greatest common divisor of 14 and 267884057.
7
Calculate the greatest common divisor of 1200 and 1605090.
30
What is the greatest common factor of 658080 and 928?
32
Calculate the greatest common factor of 104 and 9254258.
26
Calculate the greatest common factor of 54667844 and 847.
77
What is the greatest common factor of 313591 and 31749?
557
What is the highest common factor of 8502 and 7588362?
654
What is the highest common divisor of 268769 and 72439?
677
What is the greatest common divisor of 396695 and 119?
17
Calculate the highest common divisor of 634922090 and 430.
430
Calculate the highest common divisor of 1521868535 and 55.
55
What is the highest common divisor of 2395596 and 372?
12
Calculate the greatest common divisor of 1160 and 449002360.
1160
What is the highest common divisor of 1030455 and 54?
27
What is the greatest common divisor of 3300 and 187648450?
550
Calculate the highest common factor of 499035 and 20145.
255
Calculate the greatest common factor of 148327634 and 455.
91
Calculate the highest common divisor of 2519811 and 42297.
69
Calculate the highest common divisor of 27911268 and 5544.
2772
Calculate the greatest common divisor of 13317312 and 768.
192
What is the highest common divisor of 8425690 and 17730?
1970
What is the highest common factor of 92178843 and 3?
3
Calculate the greatest common factor of 390 and 2819490.
30
Calculate the highest common factor of 29 and 3884829618.
29
Calculate the highest common divisor of 158 and 7754956.
158
Calculate the highest common divisor of 12 and 5052240.
12
What is the highest common divisor of 10 and 1539634430?
10
Calculate the highest common divisor of 1102 and 6125467.
551
Calculate the highest common factor of 19251 and 23157.
279
What is the greatest common divisor of 8483488 and 169?
13
Calculate the highest common factor of 3599 and 4855759.
59
What is the highest common factor of 2056526264 and 52?
52
Calculate the highest common factor of 101885 and 66010.
1435
What is the highest common factor of 32538 and 12702?
174
What is the highest common divisor of 13734 and 2210411?
763
Calculate the greatest common factor of 1729000 and 57590.
130
Calculate the highest common factor of 5035 and 40880119.
53
Calculate the highest common factor of 3152 and 449654864.
3152
What is the greatest common divisor of 284 and 530594644?
284
Calculate the greatest common divisor of 2705 and 485405.
5
Calculate the greatest common factor of 5790218 and 126.
14
What is the greatest common divisor of 140150484 and 252?
36
Calculate the greatest common divisor of 336 and 127546608.
336
What is the highest common divisor of 104 and 2398916?
52
Calculate the highest common factor of 8148186 and 5450.
218
What is the highest common factor of 450 and 7190700?
150
What is the highest common factor of 1214 and 30530?
2
Calculate the highest common divisor of 5 and 919620475.
5
Calculate the greatest common divisor of 5144 and 22240.
8
What is the highest common factor of 250781 and 4156345?
1273
What is the greatest common factor of 565 and 136002393?
113
Calculate the highest common divisor of 22656 and 63456.
96
Calculate the highest common factor of 5850 and 7889310.
1170
What is the greatest common factor of 717480 and 7890?
30
Calculate the highest common factor of 891 and 4262787.
81
Calculate the greatest common factor of 216225 and 950175.
225
Calculate the highest common factor of 10118 and 518.
2
What is the highest common factor of 227947464 and 12?
12
What is the greatest common divisor of 568 and 133757113?
71
Calculate the greatest common divisor of 3591 and 6069987.
1197
What is the highest common factor of 721604808 and 1136?
568
Calculate the highest common factor of 1204860891 and 2377.
2377
What is the greatest common factor of 3009 and 2140284?
177
Calculate the highest common divisor of 10458 and 198686313.
5229
What is the greatest common divisor of 6988 and 258755158?
3494
Calculate the highest common factor of 477 and 602394237.
477
What is the highest common divisor of 68169354 and 1122?
1122
Calculate the greatest common divisor of 219 and 309901425.
219
Calculate the greatest common factor of 5165173 and 34528.
1079
Calculate the highest common factor of 226568400 and 64.
16
Calculate the highest common divisor of 1372 and 251100.
4
Calculate the highest common divisor of 100553 and 14282.
193
What is the greatest common divisor of 62766234 and 342?
342
Calculate the greatest common factor of 4892340 and 4.
4
Calculate the highest common factor of 4225 and 9945.
65
What is the highest common divisor of 61 and 103900751?
61
Calculate the greatest common divisor of 4468231 and 703.
37
Calculate the greatest common divisor of 17204845 and 4865.
35
Calculate the highest common factor of 29115 and 2646.
9
What is the highest common factor of 5442955 and 79745?
205
What is the greatest common divisor of 987754 and 2?
2
What is the highest common factor of 4238 and 302854?
326
Calculate the greatest common factor of 1030 and 20990.
10
Calculate the highest common divisor of 172604310 and 83.
83
Calculate the greatest common divisor of 1134547 and 95.
19
Calculate the greatest common divisor of 56056013 and 547.
547
Calculate the greatest common factor of 10128769 and 67711.
3983
What is the greatest common factor of 48901897 and 438?
73
What is the highest common factor of 58566 and 415864?
454
Calculate the greatest common factor of 12 and 96591918.
6
Calculate the highest common divisor of 46688818 and 44.
22
What is the highest common factor of 92560 and 1714674?
2314
Calculate the highest common factor of 80 and 323636840.
40
Calculate the greatest common factor of 6522387 and 26629.
859
Calculate the highest common divisor of 2178716 and 12708.
1412
What is the greatest common divisor of 2052 and 120444?
12
Calculate the highest common factor of 42 and 10849902.
42
Calculate the highest common factor of 39278 and 164.
82
Calculate the greatest common factor of 84288 and 201024.
192
Calculate the highest common factor of 18277 and 42091.
49
Calculate the highest common factor of 97650 and 102508.
14
Calculate the greatest common divisor of 336 and 3540687024.
336
Calculate the highest common divisor of 1226386 and 9287.
251
Calculate the highest common factor of 56551628 and 84.
28
Calculate the highest common fac